st common divisor of 18 and 657.
9
Calculate the highest common factor of 588 and 49.
49
Calculate the highest common factor of 97 and 77794.
97
Calculate the highest common factor of 400 and 152.
8
What is the greatest common factor of 3 and 1?
1
What is the highest common factor of 1695 and 15?
15
What is the highest common factor of 27 and 72?
9
What is the highest common factor of 512 and 32?
32
Calculate the greatest common factor of 486 and 4482.
54
What is the greatest common divisor of 1234 and 8?
2
What is the greatest common divisor of 858 and 78?
78
Calculate the greatest common divisor of 36 and 1548.
36
What is the greatest common divisor of 174 and 34278?
174
Calculate the greatest common divisor of 1012 and 220.
44
What is the highest common factor of 969 and 57?
57
Calculate the highest common divisor of 111 and 37.
37
Calculate the highest common factor of 256 and 16.
16
What is the greatest common factor of 96 and 832?
32
What is the highest common divisor of 1620 and 2340?
180
What is the highest common divisor of 90 and 100?
10
What is the greatest common divisor of 355 and 5?
5
What is the highest common factor of 4448 and 64?
32
Calculate the greatest common divisor of 4862 and 34.
34
Calculate the highest common divisor of 145 and 116.
29
What is the highest common divisor of 40 and 110?
10
What is the greatest common factor of 20 and 710?
10
Calculate the highest common divisor of 41 and 3321.
41
What is the highest common factor of 306 and 12?
6
What is the highest common factor of 24 and 2124?
12
Calculate the greatest common divisor of 36384 and 96.
96
What is the greatest common factor of 4 and 4?
4
Calculate the greatest common divisor of 188 and 2914.
94
What is the greatest common factor of 21 and 4179?
21
What is the highest common divisor of 272 and 1054?
34
Calculate the greatest common divisor of 319 and 1856.
29
Calculate the highest common divisor of 765 and 12495.
255
What is the greatest common divisor of 11 and 35387?
11
What is the greatest common factor of 45 and 2304?
9
What is the highest common factor of 11 and 26994?
11
What is the highest common factor of 101 and 101?
101
Calculate the greatest common factor of 1600 and 15.
5
What is the highest common divisor of 5 and 135?
5
Calculate the highest common factor of 1078 and 56.
14
Calculate the greatest common divisor of 12048 and 48.
48
What is the greatest common divisor of 95 and 2793?
19
What is the greatest common divisor of 280 and 196?
28
Calculate the highest common divisor of 78 and 9074.
26
What is the highest common divisor of 220 and 4884?
44
What is the highest common factor of 765 and 63?
9
Calculate the greatest common factor of 170 and 136.
34
Calculate the greatest common factor of 141 and 6251.
47
Calculate the highest common divisor of 171 and 1083.
57
What is the greatest common divisor of 48 and 432?
48
Calculate the greatest common divisor of 72 and 54.
18
What is the greatest common divisor of 10 and 655?
5
Calculate the highest common divisor of 500 and 900.
100
What is the highest common divisor of 252 and 48?
12
Calculate the highest common factor of 1593 and 27.
27
Calculate the greatest common divisor of 15 and 22065.
15
Calculate the highest common factor of 38 and 114.
38
What is the highest common divisor of 72 and 96?
24
Calculate the greatest common divisor of 16 and 76.
4
What is the greatest common divisor of 1837 and 55?
11
What is the greatest common divisor of 2128 and 38?
38
What is the highest common factor of 19745 and 11?
11
Calculate the greatest common factor of 96 and 64.
32
Calculate the highest common factor of 100518 and 66.
66
What is the highest common divisor of 969 and 342?
57
Calculate the greatest common factor of 3668 and 28.
28
Calculate the highest common factor of 3519 and 34.
17
What is the greatest common divisor of 13790 and 70?
70
Calculate the highest common factor of 19916 and 104.
52
What is the highest common factor of 273 and 84?
21
What is the greatest common factor of 169 and 40729?
169
Calculate the highest common divisor of 76 and 57.
19
Calculate the greatest common divisor of 12 and 540.
12
Calculate the greatest common factor of 114 and 950.
38
Calculate the greatest common divisor of 16 and 104.
8
Calculate the greatest common divisor of 87 and 63597.
87
What is the greatest common factor of 1815 and 66?
33
What is the greatest common factor of 6 and 86?
2
Calculate the greatest common divisor of 46 and 253.
23
Calculate the greatest common factor of 217 and 28.
7
What is the greatest common divisor of 14 and 966?
14
What is the greatest common factor of 301 and 129?
43
What is the greatest common factor of 112 and 128?
16
Calculate the greatest common divisor of 380 and 20.
20
What is the greatest common factor of 438 and 12?
6
What is the highest common divisor of 281 and 33158?
281
Calculate the greatest common factor of 2608 and 16.
16
Calculate the highest common divisor of 2332 and 53.
53
What is the greatest common divisor of 390 and 30?
30
Calculate the highest common factor of 33 and 253.
11
What is the greatest common divisor of 54 and 1593?
27
What is the greatest common factor of 152 and 112?
8
What is the highest common divisor of 186 and 3999?
93
What is the highest common divisor of 1786 and 76?
38
Calculate the highest common factor of 1924 and 52.
52
Calculate the greatest common factor of 1739 and 259.
37
What is the highest common divisor of 106 and 689?
53
Calculate the highest common factor of 208 and 91.
13
Calculate the greatest common factor of 3 and 990.
3
What is the greatest common factor of 176 and 88?
88
Calculate the highest common factor of 221 and 85.
17
What is the highest common factor of 37 and 37?
37
Calculate the greatest common factor of 7 and 511.
7
Calculate the highest common factor of 3 and 7.
1
What is the greatest common divisor of 38 and 2774?
38
What is the greatest common divisor of 160 and 20?
20
Calculate the greatest common factor of 40690 and 20.
10
Calculate the highest common factor of 6 and 486.
6
Calculate the highest common factor of 72 and 738.
18
What is the highest common divisor of 34 and 2?
2
What is the highest common factor of 42 and 322?
14
Calculate the greatest common factor of 48 and 876.
12
What is the greatest common divisor of 556 and 2?
2
Calculate the greatest common factor of 6 and 54.
6
What is the highest common divisor of 75 and 675?
75
What is the highest common divisor of 1562 and 22?
22
Calculate the highest common factor of 160 and 272.
16
What is the greatest common divisor of 384 and 108?
12
Calculate the highest common factor of 172 and 215.
43
Calculate the greatest common factor of 28 and 42.
14
Calculate the greatest common factor of 2 and 128.
2
Calculate the greatest common factor of 4 and 236.
4
Calculate the greatest common divisor of 14 and 13440.
14
Calculate the highest common divisor of 5936 and 80.
16
What is the greatest common factor of 45 and 1470?
15
Calculate the greatest common factor of 559 and 78.
13
Calculate the highest common divisor of 742 and 28.
14
Calculate the greatest common factor of 399 and 57.
57
What is the greatest common factor of 494 and 57?
19
What is the greatest common divisor of 658 and 893?
47
Calculate the highest common divisor of 5 and 895.
5
What is the greatest common factor of 48 and 80?
16
Calculate the highest common factor of 1265 and 1595.
55
Calculate the highest common divisor of 299 and 676.
13
What is the greatest common factor of 128 and 2?
2
What is the greatest common divisor of 12 and 5892?
12
What is the greatest common factor of 408 and 27064?
136
What is the greatest common factor of 24118 and 62?
62
What is the greatest common divisor of 551 and 174?
29
Calculate the highest common factor of 76 and 836.
76
Calculate the greatest common factor of 72 and 168.
24
What is the highest common divisor of 87 and 1131?
87
What is the highest common divisor of 533 and 41?
41
Calculate the highest common divisor of 272 and 17.
17
What is the highest common divisor of 1131 and 1392?
87
What is the greatest common factor of 196 and 10486?
98
What is the greatest common factor of 2150 and 2450?
50
Calculate the greatest common divisor of 75